n) = -n**3 + 62*n**2 + 67*n - 182. Give z(63).
70
Let r(a) = -170*a + 1767. Give r(10).
67
Let n(a) = a**3 + 14*a**2 - 42*a + 41. Determine n(-16).
201
Let j(b) = -b**3 - 13*b**2 + 35*b + 679. Determine j(-10).
29
Let j(g) = -11*g**2 + 40*g + 39. Determine j(-1).
-12
Let a(c) = -c**3 - 14*c**2 + 82*c - 29. What is a(-19)?
218
Let f(n) = 71*n - 134. Give f(2).
8
Let n(a) = a**2 + 78*a - 2457. Calculate n(25).
118
Let f(v) = 4*v**2 - 10*v - 184. What is f(-5)?
-34
Let h(c) = -c**2 + 37*c - 16. What is h(29)?
216
Let v(f) = 8*f**3 - f**2 + 3*f + 17. Give v(-3).
-217
Let h(p) = 33*p + 9. What is h(1)?
42
Let p(t) = -631*t + 1735. Calculate p(3).
-158
Let q(n) = n**3 + 5*n**2 - 17*n - 28. Calculate q(-7).
-7
Let t(p) = 11*p + 71. Calculate t(-5).
16
Let z(t) = 10*t - 303. What is z(22)?
-83
Let v(s) = 21*s - 150. What is v(9)?
39
Let n(h) = -10*h - 93. Give n(-10).
7
Let k(m) = -45*m**3 - 1709*m**2 + 40*m + 83. Determine k(-38).
7
Let j(n) = 17*n**2 + 145*n + 131. Give j(-8).
59
Let w(h) = -2*h**2 + 259*h - 6608. What is w(35)?
7
Let m(q) = q**2 - 43*q + 34. Calculate m(39).
-122
Let u(z) = 2*z**2 - 53*z + 78. Determine u(15).
-267
Let s(f) = -273*f - 2477. Give s(-9).
-20
Let r(j) = -5*j**3 - 15*j**2 + 23*j + 7. Calculate r(-4).
-5
Let o(k) = 67*k**2 - 3617*k - 9. Calculate o(54).
45
Let a(o) = -45*o - 852. Determine a(-16).
-132
Let t(m) = -3*m + 69. Calculate t(26).
-9
Let n(b) = b**3 - 15*b**2 - 95*b - 37. Calculate n(20).
63
Let n(g) = -g**2 + 73*g - 81. What is n(66)?
381
Let q(y) = 60*y - 3158. Calculate q(53).
22
Let v(i) = i**3 + 71*i**2 - 142*i - 5047. What is v(-72)?
-7
Let z(c) = -85*c**2 + 7407*c - 1045. What is z(87)?
-1
Let t(r) = 31*r**2 + 25*r + 49. What is t(-2)?
123
Let c(f) = -2*f**2 - 94*f - 88. What is c(-45)?
92
Let s(d) = -155*d + 489. Determine s(3).
24
Let s(k) = -4025*k**2 - 36228*k - 20. Calculate s(-9).
7
Let x(m) = -71*m + 631. Calculate x(9).
-8
Let x(b) = 2*b**2 + 52*b + 7. Calculate x(-26).
7
Let i(l) = l**2 + 8*l + 13. Determine i(15).
358
Let h(o) = -13*o + 262. Calculate h(-3).
301
Let y(r) = 27*r**3 + 2*r**2 - 4*r + 5. Determine y(1).
30
Let h(t) = 20*t - 172. What is h(8)?
-12
Let n(o) = -16*o**2 - 42*o + 7. Determine n(-4).
-81
Let x(q) = -2*q**2 + 17*q + 427. Calculate x(-11).
-2
Let s(x) = 75*x + 213. Calculate s(-3).
-12
Let l(v) = -7*v**2 - 6*v - 26. Determine l(7).
-411
Let b(o) = -14*o**3 + 798*o**2 + 5*o - 236. Determine b(57).
49
Let j(c) = 6*c + 372. Calculate j(-41).
126
Let x(u) = 3*u**3 + 18*u**2 + 24*u - 11. Calculate x(-4).
-11
Let k(r) = r**3 - 78*r**2 + 560*r - 9. Give k(70).
-9
Let b(j) = 22*j + 599. Calculate b(-28).
-17
Let x(u) = -u**2 - 22*u - 80. Calculate x(-5).
5
Let k(t) = -92*t - 2497. Give k(-26).
-105
Let b(r) = -25*r**2 - 64*r + 7. Determine b(0).
7
Let a(k) = -k**2 - 7792*k + 70210. Calculate a(9).
1
Let b(a) = -6287*a + 50285. Give b(8).
-11
Let h(o) = -o**2 - 125*o + 1459. Give h(-136).
-37
Let k(x) = -2*x**2 - 53*x - 155. What is k(-24)?
-35
Let n(f) = 12*f**2 + 276*f + 10. Calculate n(-23).
10
Let v(r) = 50*r - 1216. Give v(11).
-666
Let i(k) = 485*k - 3421. Determine i(7).
-26
Let r(c) = -3*c**2 + 40*c - 111. Calculate r(3).
-18
Let c(x) = -31*x**3 - 218*x**2 - 4*x + 19. What is c(-7)?
-2
Let g(y) = -3*y**2 + 79*y + 543. What is g(32)?
-1
Let g(t) = 51*t - 2545. Calculate g(50).
5
Let p(l) = 242*l + 1681. Determine p(-6).
229
Let o(y) = -y**3 + 71*y**2 - 609*y - 67. What is o(61)?
-6
Let m(w) = 70*w**2 - 20*w + 20. Give m(1).
70
Let w(l) = 15*l**3 + 5*l**2 + 3*l + 10. Determine w(-3).
-359
Let r(l) = -4*l**3 - 44*l**2 + 395*l + 4351. Determine r(-11).
6
Let t(c) = c**2 - 51*c + 654. Determine t(26).
4
Let a(i) = -116*i + 3138. Determine a(27).
6
Let h(s) = s**2 - 465*s + 55. Determine h(0).
55
Let f(l) = 391*l - 26980. Give f(69).
-1
Let y(k) = -2*k**2 + 29*k + 187. Calculate y(-10).
-303
Let c(l) = -26*l + 3492. Calculate c(134).
8
Let s(b) = -3*b**2 - 103*b - 125. Calculate s(-33).
7
Let f(p) = -1232*p + 2466. Determine f(2).
2
Let t(j) = -771*j + 3091. Calculate t(4).
7
Let h(q) = -5*q**2 + 176*q - 896. Calculate h(29).
3
Let y(r) = -603*r - 2397. What is y(-4)?
15
Let n(f) = -2*f**3 - 203*f**2 - 497*f - 191. What is n(-99)?
7
Let q(h) = 53*h**2 + 613*h + 1743. What is q(-5)?
3
Let o(n) = n**2 - 11*n - 99. What is o(-6)?
3
Let v(c) = 95*c + 146. Give v(4).
526
Let t(j) = 3*j**2 + 45*j + 170. Give t(-9).
8
Let b(n) = -8*n**2 - 43. What is b(-6)?
-331
Let s(t) = 10*t - 507. Determine s(69).
183
Let w(h) = 370*h + 2228. What is w(-6)?
8
Let h(b) = b**3 + 12*b**2 - 4*b - 18. Determine h(-12).
30
Let d(m) = -3*m**3 + 305*m**2 - 200*m - 147. Give d(101).
55
Let j(w) = 21*w + 34. Determine j(3).
97
Let d(x) = 2*x**2 + 3*x - 60. What is d(-7)?
17
Let f(v) = v**3 + 30*v**2 - 27*v + 127. Determine f(-31).
3
Let v(r) = r**3 + 39*r**2 + 69*r + 9. What is v(-37)?
194
Let a(r) = -81*r - 39. Determine a(-3).
204
Let n(h) = 865*h - 55390. Determine n(64).
-30
Let v(s) = -s**2 - 72*s - 126. Calculate v(-70).
14
Let d(o) = -o**3 + 9*o**2 + 14*o + 276. Determine d(12).
12
Let a(s) = -s**3 + 402*s + 18. What is a(-20)?
-22
Let o(f) = -6*f**3 - f**2 + 11*f - 28. What is o(2)?
-58
Let f(d) = -d**2 - 46*d - 120. Determine f(-40).
120
Let u(l) = 7*l**3 + 3*l**2 - 565*l + 562. What is u(1)?
7
Let k(x) = -3*x**2 + 145*x - 151. Calculate k(48).
-103
Let m(q) = -q**3 - 4*q**2 + 40*q + 168. What is m(-4)?
8
Let i(o) = -101*o**2 + 24*o + 23. Give i(-1).
-102
Let r(v) = -v**2 - 328*v - 1311. Calculate r(-4).
-15
Let k(h) = -3*h**2 + 390*h + 789. Determine k(-2).
-3
Let i(u) = 1703*u - 76632. Give i(45).
3
Let c(m) = m**3 - 12*m**2 + 24*m + 27. Calculate c(7).
-50
Let g(m) = -m**3 - 7*m**2 - 37*m - 183. Calculate g(-6).
3
Let q(b) = 42*b**2 - 66*b + 26. What is q(5)?
746
Let a(w) = -w**3 - w**2 + 13*w - 5. Calculate a(3).
-2
Let x(s) = -799*s - 33557. Calculate x(-42).
1
Let j(o) = -o**2 + 4*o + 322. Determine j(18).
70
Let m(t) = 18*t**2 - 7*t + 49. Calculate m(3).
190
Let x(a) = -a**3 - 78*a**2 + 20*a + 13037. Give x(-76).
-35
Let b(g) = -3*g**2 - 9*g + 15. Calculate b(-4).
3
Let g(n) = 218*n - 9195. Calculate g(42).
-39
Let p(y) = -2706*y - 54119. What is p(-20)?
1
Let p(b) = -b**3 - 100*b**2 - 217*b - 37. Give p(-2).
5
Let i(l) = -18*l - 2. Calculate i(1).
-20
Let i(q) = -19*q**2 - 27*q - 70. Give i(-3).
-160
Let b(n) = 10879*n - 76146. Calculate b(7).
7
Let m(h) = -3*h**3 + 3*h**2 + 4*h - 27. Determine m(0).
-27
Let t(r) = -42*r + 328. Calculate t(7).
34
Let p(g) = 41*g + 74. What is p(-2)?
-8
Let k(m) = -17*m - 269. What is k(-23)?
122
Let i(d) = 3*d**3 - 6*d**2 + 7*d - 21. What is i(5)?
239
Let b(w) = 7*w**3 + 2*w**2 - 234*w - 235. What is b(-1)?
-6
Let z(p) = -p**2 - 641*p + 9170. Calculate z(14).
0
Let r(z) = 41*z + 5857. Determine r(-143).
-6
Let s(r) = 8*r**2 + 15*r + 9. Determine s(-2).
11
Let s(h) = 34*h**2 + 339*h - 3. Give s(-10).
7
Let c(d) = 1081*d - 3236. What is c(3)?
7
Let f(p) = -p**3 + 26*p**2 + 20*p + 5. Calculate f(26).
525
Let s(a) = a**2 + 19*a + 24. What is s(-20)?
44
Let a(r) = r**3 - 111*r - 59. Determine a(-10).
51
Let s(g) = -g**2 + 2*g - 145. Give s(19).
-468
Let z(x) = 83*x**2 + 336*x + 21. Calculate z(-4).
5
Let p(o) = -o**3 - 8*o**2 - 14*o - 228. What is p(-11)?
289
Let c(q) = -2*q**2 + 111*q + 56. Give c(61).
-615
Let b(d) = 4*d**2 + 2*d - 52. What is b(0)?
-52
Let h(z) = 106*z - 20. Calculate h(3).
298
Let y(j) = -j**2 - 143*j - 1206. Give y(-9).
0
Let b(c) = -56*c**2 - 7. Determine b(1).
-63
Let o(z) = -125*z + 1529. Calculate o(12).
29
Let o(x) = -x**2 + 10*x - 28. What is o(9)?
-19
Let r(m) = -m**2 + 18*m + 320. Give r(-11).
1
Let d(n) = n**2 + 381*n + 35905. What is d(-210)?
-5
Let v(x) = -3*x**2 + 2*x + 187. What is v(0)?
187
Let o(d) = -4*d**3 + 218*d**2 - 1070*d - 393. What is o(49)?
-1
Let s(i) = -4*i**2 - 226*i - 2549. Calculate s(-41).
-7
Let i(s) = -16*s + 1038. Calculate i(63).
30
Let g(i) = -30*i**2 + 360*i - 15. Give g(12).
-15
Let w(j) = -133*j - 9706. Give w(-73).
3
Let a(q) = -q**3 - 26*q**2 + 17*q - 304. Calculate a(-27).
-34
Let a(z) = -32*z**2 - 3*z - 5. Give a(-2).
-127
Let z(j) = j**2 + 157*j - 2648. Determine z(15).
-68
Let f(o) = 4*o**2 - 77*o - 314. Calculate f(-4).
58
Let m(s) = s**2 + 149*s + 5500. Calculate m(-67).
6
Let l(m) = -m**3 -